{"id":2192,"date":"2022-03-31T03:44:38","date_gmt":"2022-03-31T03:44:38","guid":{"rendered":"http:\/\/diderot.ac.ke\/recrutement\/"},"modified":"2024-01-17T10:37:32","modified_gmt":"2024-01-17T07:37:32","slug":"recrutementold","status":"publish","type":"page","link":"https:\/\/diderot.ac.ke\/fr\/recrutementold\/","title":{"rendered":"Recrutement old"},"content":{"rendered":"<div class=\"wpb-content-wrapper\">[vc_row thb_full_width=\u00a0\u00bbtrue\u00a0\u00bb thb_row_padding=\u00a0\u00bbtrue\u00a0\u00bb thb_column_padding=\u00a0\u00bbtrue\u00a0\u00bb css=\u00a0\u00bb.vc_custom_1649028180101{padding-top: 7vh !important;padding-bottom: 7vh !important;background: #94a0ac url(https:\/\/diderot.ac.ke\/wp-content\/uploads\/2022\/04\/bg_recruitment3.jpg?id=2498) !important;background-position: center !important;background-repeat: no-repeat !important;background-size: cover !important;}\u00a0\u00bb][vc_column][vc_row_inner][vc_column_inner thb_color=\u00a0\u00bbthb-light-column\u00a0\u00bb offset=\u00a0\u00bbvc_col-lg-5 vc_col-md-7&Prime;]\t<div id=\"thb-slidetype-69f3cdea60db7\" class=\"thb-slidetype \" data-style=\"style2\">\n\t\t\n<h1><span class=\"thb-slidetype-entry\"><span class=\"lines\">Recrutement<\/span><\/span><\/h1>\n\t\t\t<\/div>\n\n\t[\/vc_column_inner][\/vc_row_inner][\/vc_column][\/vc_row][vc_row][vc_column][vc_empty_space][vc_column_text]\n<p style=\"text-align: justify;\"><span style=\"font-weight: 400;\">Le Lyc\u00e9e fran\u00e7ais international Denis Diderot, seul \u00e9tablissement du Kenya <span style=\"color: #000080;\">homologu\u00e9<\/span> par le Minist\u00e8re de l\u2019\u00c9ducation Nationale fran\u00e7ais, recherche, dans le cadre de son d\u00e9veloppement, des personnels pour des contrats AEFE de d\u00e9tach\u00e9 <\/span>ou des contrats locaux sur des postes d\u2019enseignements, d\u2019\u00e9ducation et d\u2019administration.<\/p>\n<p style=\"text-align: justify;\"><span style=\"font-weight: 400;\">L\u2019essentiel des recrutements se fait entre janvier et avril pour pr\u00e9parer l\u2019ann\u00e9e scolaire suivante. Des besoins peuvent cependant appara\u00eetre en cours d\u2019ann\u00e9e.<\/span><\/p>\n<p style=\"text-align: justify;\"><span style=\"font-weight: 400;\">N\u2019h\u00e9sitez pas \u00e0 vous tenir inform\u00e9s des postes propos\u00e9s dans les diff\u00e9rentes cat\u00e9gories. Les candidatures spontan\u00e9es sont les bienvenues, l\u2019\u00e9tablissement s&rsquo;efforcera dans la mesure du possible de r\u00e9pondre aux candidats.<\/span><\/p>\n[\/vc_column_text][vc_tta_accordion style=\u00a0\u00bbmodern\u00a0\u00bb color=\u00a0\u00bbblue\u00a0\u00bb gap=\u00a0\u00bb15&Prime; c_position=\u00a0\u00bbright\u00a0\u00bb active_section=\u00a0\u00bb\u00a0\u00bb no_fill=\u00a0\u00bbtrue\u00a0\u00bb][vc_tta_section title=\u00a0\u00bbLes contrats locaux\u00a0\u00bb tab_id=\u00a0\u00bb1650281271024-691c2ec3-18ef\u00a0\u00bb][vc_column_text]\n<p style=\"text-align: justify;\"><span style=\"font-weight: 400;\">Les contrats locaux s\u2019adressent aux personnels enseignants titulaires ou non de l\u2019\u00e9ducation nationale et aux personnels d&rsquo;\u00e9ducation ou administratifs.\u00a0<\/span><\/p>\n<p style=\"text-align: justify;\">Pour l\u2019ann\u00e9e scolaire 2023-2024, les postes de personnels d\u2019enseignement et de personnels d\u2019\u00e9ducation vacants et susceptibles d\u2019\u00eatre vacants \u00e0 partir du 1er septembre 2023 sont indiqu\u00e9s ci-dessous.<\/p>\n<p>&nbsp;<\/p>\n<p>Liste des postes ci-dessous \u00a0<em><span style=\"color: #ff0000;\">derni\u00e8re mise \u00e0 jour le 17\/11\/2023<\/span><\/em><\/p>\n<ul>\n<li style=\"list-style-type: none;\"><\/li>\n<\/ul>\n[\/vc_column_text][vc_row_inner][vc_column_inner width=\u00a0\u00bb1\/2&Prime;][vc_column_text]\n<h5><strong>Les postes d&rsquo;enseignants au primaire:<\/strong><\/h5>\n<p>Nous recrutons:<\/p>\n<ul>\n<li style=\"list-style-type: none;\">\n<ul>\n<li>des professeur(e) des \u00e9coles rempla\u00e7ant &#8211; <a href=\"https:\/\/diderot.ac.ke\/wp-content\/uploads\/2023\/03\/Professeur-des-Ecoles-Remplacant.pdf\" target=\"_blank\" rel=\"noopener\">Fiche de poste<\/a><\/li>\n<\/ul>\n<\/li>\n<\/ul>\n[\/vc_column_text][\/vc_column_inner][vc_column_inner width=\u00a0\u00bb1\/2&Prime;][vc_column_text]\n<h5><strong>Les postes d&rsquo;enseignants au secondaire:<\/strong><\/h5>\n<p>Pas de poste vacant[\/vc_column_text][\/vc_column_inner][\/vc_row_inner][vc_row_inner][vc_column_inner][vc_column_text]\n<h5><strong>Les postes non-enseignants<\/strong><\/h5>\n<p>Nous recrutons:<\/p>\n<ul>\n<li style=\"list-style-type: none;\">\n<ul>\n<li>Un(e) responsable des achats &#8211; <em><span style=\"color: #ff0000;\">deadline 31\/10\/2023<\/span><\/em><em>\u00a0<\/em><\/li>\n<li>Un(e) charg\u00e9 de mission &#8211; <em><span style=\"color: #ff0000;\">deadline 8\/11\/2023<\/span><\/em><\/li>\n<\/ul>\n<\/li>\n<\/ul>\n[\/vc_column_text][\/vc_column_inner][\/vc_row_inner][\/vc_tta_section][vc_tta_section title=\u00a0\u00bbLes contrats de d\u00e9tach\u00e9 AEFE\u00a0\u00bb tab_id=\u00a0\u00bb1650281271011-313491c2-6567&Prime;][vc_column_text]\n<p style=\"text-align: justify;\"><span style=\"font-weight: 400;\">Les contrats de d\u00e9tach\u00e9 s\u2019adressent aux enseignants titulaires de l\u2019\u00e9ducation nationale.\u00a0<\/span><\/p>\n<p style=\"text-align: justify;\"><span style=\"font-weight: 400;\">Vous trouverez les conditions, modalit\u00e9s de candidature sur le <\/span><a href=\"https:\/\/www.aefe.fr\/personnels\/recrutement-des-detaches-sur-missions-denseignement-deducation-dadministration\/conditions\" target=\"_blank\" rel=\"noopener\"><b>site de l\u2019AEFE<\/b><\/a><span style=\"font-weight: 400;\"> (Agence pour l\u2019Enseignement Fran\u00e7ais \u00e0 l\u2019\u00c9tranger). <\/span><\/p>\n<p style=\"text-align: justify;\"><span style=\"font-weight: 400;\">Pour rappel : l\u2019AEFE met en \u0153uvre une politique d\u2019\u00e9galit\u00e9 professionnelle entre les hommes et les femmes.<\/span><\/p>\n<p><a href=\"https:\/\/diderot.ac.ke\/wp-content\/uploads\/2024\/01\/2023-12-dossier-de-candidature-detaches-3-rentree-2024.docx\" target=\"_blank\" rel=\"noopener\">Note d&rsquo;informations aux candidats<\/a><\/p>\n<p>Pour candidater :<\/p>\n<ul>\n<li style=\"list-style-type: none;\">\n<ul>\n<li style=\"font-weight: 400;\" aria-level=\"1\"><span style=\"font-weight: 400;\">Pr\u00e9parer votre dossier en utilisant le dossier type de candidature propos\u00e9 par l\u2019AEFE : merci de <\/span><a href=\"https:\/\/diderot.ac.ke\/wp-content\/uploads\/2024\/01\/2023-12-dossier-de-candidature-detaches-3-rentree-2024.docx\" target=\"_blank\" rel=\"noopener\"><span style=\"font-weight: 400;\">t\u00e9l\u00e9charger le document<\/span><\/a><span style=\"font-weight: 400;\"> et de le remplir m\u00e9ticuleusement.<\/span><\/li>\n<li style=\"font-weight: 400;\" aria-level=\"1\"><span style=\"font-weight: 400;\">Merci de joindre tous les documents demand\u00e9s en un seul fichier au format PDF uniquement et de le compresser si n\u00e9cessaire. Nous ne demandons pas de version papier des documents.\u00a0<\/span><\/li>\n<li style=\"font-weight: 400;\" aria-level=\"1\"><span style=\"font-weight: 400;\">Nommer votre dossier de candidature avec \u201cMati\u00e8re-Nom de famille\u201d, par exemple: Lettres-DURANT.<\/span><\/li>\n<li style=\"font-weight: 400;\" aria-level=\"1\"><span style=\"font-weight: 400;\">Avec un compte messagerie Gmail, remplir le formulaire en ligne d\u00e9di\u00e9 \u00e0 chaque poste. Vous ne pourrez t\u00e9l\u00e9charger votre dossier de candidature qu\u2019avec un compte messagerie Gmail.<\/span><\/li>\n<li style=\"font-weight: 400;\" aria-level=\"1\"><span style=\"font-weight: 400;\">Les candidatures transmises par e-mail ne seront pas \u00e9tudi\u00e9es.<\/span><\/li>\n<\/ul>\n<\/li>\n<\/ul>\n<p><span style=\"font-weight: 400;\">Tous les documents devront nous \u00eatre transmis via formulaire <\/span><b>le <\/b><b>12 f\u00e9vrier 2024<\/b><b> au plus tard.<\/b><\/p>\n<p><span style=\"font-weight: 400;\">Les dossiers incomplets ou hors d\u00e9lai ne seront pas \u00e9tudi\u00e9s. Sont consid\u00e9r\u00e9s comme incomplets les dossiers qui ne comprennent pas a minima toutes les pi\u00e8ces obligatoires.<\/span><\/p>\n<p><span style=\"font-weight: 400;\">Pi\u00e8ces compl\u00e9mentaires : certifications, documents attestant du parcours professionnel, de l\u2019exp\u00e9rience et du niveau de langue en anglais (par exemple : exp\u00e9rience UPE2A, CASNAV, arts, pilotage de projets, responsabilit\u00e9s de tuteur, de formateur, etc \u2026).<\/span><\/p>\n<p><b>Pour l\u2019ann\u00e9e scolaire 2024-2025, les postes vacants et susceptibles d\u2019\u00eatre vacants (<span style=\"color: red;\">au 12 1anvier 2024 <\/span>) sont indiqu\u00e9s ci-dessous.<\/b>[\/vc_column_text][vc_row_inner][vc_column_inner][vc_column_text]\n<h4>Primaire :<\/h4>\n<p>Professeur(e) des \u00e9coles &#8211; 2 postes susceptibles vacants &#8211; <a href=\"https:\/\/docs.google.com\/forms\/d\/e\/1FAIpQLScKh8-n5YCkK-XuazUy0Lpfq7M97C5xiZQedQvnXHOnp7nRCA\/viewform?usp=pp_url\" target=\"_blank\" rel=\"noopener\">Cliquez ici pour postuler<\/a>[\/vc_column_text][\/vc_column_inner][\/vc_row_inner][vc_row_inner][vc_column_inner][vc_column_text]\n<h4>Secondaire :<\/h4>\n<ul>\n<li><span style=\"font-weight: 400;\">1 poste de professeur de SES &#8211; <span style=\"color: red;\"> 1 poste vacant<\/span> &#8211; <a href=\"https:\/\/docs.google.com\/forms\/d\/e\/1FAIpQLSd9OPvGtdqmxAyCqnjaBXQHkM7GQYk0VH4YdtUign_5f07L7A\/viewform?usp=pp_url\" target=\"_blank\" rel=\"noopener\">Cliquez ici pour postuler<\/a><\/span><\/li>\n<li style=\"font-weight: 400;\" aria-level=\"1\"><span style=\"font-weight: 400;\">1 poste de professeur de Lettres &#8211; 1 poste susceptible vacant &#8211; <a href=\"https:\/\/docs.google.com\/forms\/d\/e\/1FAIpQLScsB1lZQ0Fc6pa7Wu0Gqi9ehicoYSvPmUPrfOdn1CCMuqBZVQ\/viewform?usp=pp_url\" target=\"_blank\" rel=\"noopener\">Cliquez ici pour postuler<\/a><\/span><\/li>\n<li aria-level=\"1\">1 poste de professeur d&rsquo;EPS &#8211;\u00a01 poste susceptible vacant &#8211; <a href=\"https:\/\/docs.google.com\/forms\/d\/e\/1FAIpQLSeE3cxwvQoXIhVMDxF0bvVXu5hsLIEQXduwekUEpuGyr9qUFQ\/viewform?usp=pp_url\" target=\"_blank\" rel=\"noopener\">Cliquez ici pour postuler<\/a><\/li>\n<li style=\"font-weight: 400;\" aria-level=\"1\"><span style=\"font-weight: 400;\">1 poste de professeur d&rsquo;histoire-g\u00e9ographie &#8211; 1 poste susceptible vacant &#8211; <a href=\"https:\/\/docs.google.com\/forms\/d\/e\/1FAIpQLSf8QTi7GTV1tyYPxx-YHu6xczIf6K9tQ8gLTHGuLcI032W4rw\/viewform?usp=pp_url\" target=\"_blank\" rel=\"noopener\">Cliquez ici pour postuler<\/a><\/span><\/li>\n<li style=\"font-weight: 400;\" aria-level=\"1\"><span style=\"font-weight: 400;\">1 poste de professeur de Sciences Physiques\u00a0 &#8211; 1 poste susceptible vacant &#8211; <a href=\"https:\/\/docs.google.com\/forms\/d\/e\/1FAIpQLSellxxJobSkUWA3KVoT4RBT_pyl-kbEP43U3KyGt7SK6bQYwQ\/viewform?usp=pp_url\" target=\"_blank\" rel=\"noopener\">Cliquez ici pour postuler<\/a><\/span><\/li>\n<\/ul>\n[\/vc_column_text][\/vc_column_inner][\/vc_row_inner][\/vc_tta_section][\/vc_tta_accordion][\/vc_column][\/vc_row]\n<\/div>","protected":false},"excerpt":{"rendered":"<p>[vc_row thb_full_width=\u00a0\u00bbtrue\u00a0\u00bb thb_row_padding=\u00a0\u00bbtrue\u00a0\u00bb thb_column_padding=\u00a0\u00bbtrue\u00a0\u00bb css=\u00a0\u00bb.vc_custom_1649028180101{padding-top: 7vh !important;padding-bottom: 7vh !important;background: #94a0ac url(https:\/\/diderot.ac.ke\/wp-content\/uploads\/2022\/04\/bg_recruitment3.jpg?id=2498) !important;background-position: center !important;background-repeat: no-repeat !important;background-size: cover !important;}\u00a0\u00bb][vc_column][vc_row_inner][vc_column_inner thb_color=\u00a0\u00bbthb-light-column\u00a0\u00bb offset=\u00a0\u00bbvc_col-lg-5 vc_col-md-7&Prime;][\/vc_column_inner][\/vc_row_inner][\/vc_column][\/vc_row][vc_row][vc_column][vc_empty_space][vc_column_text] Le Lyc\u00e9e fran\u00e7ais international Denis Diderot, seul \u00e9tablissement du Kenya homologu\u00e9 par le Minist\u00e8re de l\u2019\u00c9ducation Nationale fran\u00e7ais, recherche, dans le cadre de son d\u00e9veloppement, des personnels pour des contrats AEFE de d\u00e9tach\u00e9 ou&hellip;<\/p>\n","protected":false},"author":1,"featured_media":0,"parent":0,"menu_order":0,"comment_status":"closed","ping_status":"closed","template":"page-default.php","meta":{"ngg_post_thumbnail":0,"footnotes":""},"class_list":["post-2192","page","type-page","status-publish","hentry"],"_links":{"self":[{"href":"https:\/\/diderot.ac.ke\/fr\/wp-json\/wp\/v2\/pages\/2192","targetHints":{"allow":["GET"]}}],"collection":[{"href":"https:\/\/diderot.ac.ke\/fr\/wp-json\/wp\/v2\/pages"}],"about":[{"href":"https:\/\/diderot.ac.ke\/fr\/wp-json\/wp\/v2\/types\/page"}],"author":[{"embeddable":true,"href":"https:\/\/diderot.ac.ke\/fr\/wp-json\/wp\/v2\/users\/1"}],"replies":[{"embeddable":true,"href":"https:\/\/diderot.ac.ke\/fr\/wp-json\/wp\/v2\/comments?post=2192"}],"version-history":[{"count":139,"href":"https:\/\/diderot.ac.ke\/fr\/wp-json\/wp\/v2\/pages\/2192\/revisions"}],"predecessor-version":[{"id":6843,"href":"https:\/\/diderot.ac.ke\/fr\/wp-json\/wp\/v2\/pages\/2192\/revisions\/6843"}],"wp:attachment":[{"href":"https:\/\/diderot.ac.ke\/fr\/wp-json\/wp\/v2\/media?parent=2192"}],"curies":[{"name":"wp","href":"https:\/\/api.w.org\/{rel}","templated":true}]}}

<div class="wpb-content-wrapper">[vc_row thb_full_width= »true » thb_row_padding= »true » thb_column_padding= »true » css= ».vc_custom_1649028180101{padding-top: 7vh !important;padding-bottom: 7vh !important;background: #94a0ac url(https://diderot.ac.ke/wp-content/uploads/2022/04/bg_recruitment3.jpg?id=2498) !important;background-position: center !important;background-repeat: no-repeat !important;background-size: cover !important;} »][vc_column][vc_row_inner][vc_column_inner thb_color= »thb-light-column » offset= »vc_col-lg-5 vc_col-md-7&Prime;]	<div id="thb-slidetype-69f3cdea60db7" class="thb-slidetype " data-style="style2">
		
<h1><span class="thb-slidetype-entry"><span class="lines">Recrutement</span></span></h1>
			</div>

	[/vc_column_inner][/vc_row_inner][/vc_column][/vc_row][vc_row][vc_column][vc_empty_space][vc_column_text]
<p style="text-align: justify;"><span style="font-weight: 400;">Le Lycée français international Denis Diderot, seul établissement du Kenya <span style="color: #000080;">homologué</span> par le Ministère de l’Éducation Nationale français, recherche, dans le cadre de son développement, des personnels pour des contrats AEFE de détaché </span>ou des contrats locaux sur des postes d’enseignements, d’éducation et d’administration.</p>
<p style="text-align: justify;"><span style="font-weight: 400;">L’essentiel des recrutements se fait entre janvier et avril pour préparer l’année scolaire suivante. Des besoins peuvent cependant apparaître en cours d’année.</span></p>
<p style="text-align: justify;"><span style="font-weight: 400;">N’hésitez pas à vous tenir informés des postes proposés dans les différentes catégories. Les candidatures spontanées sont les bienvenues, l’établissement s&rsquo;efforcera dans la mesure du possible de répondre aux candidats.</span></p>
[/vc_column_text][vc_tta_accordion style= »modern » color= »blue » gap= »15&Prime; c_position= »right » active_section= » » no_fill= »true »][vc_tta_section title= »Les contrats locaux » tab_id= »1650281271024-691c2ec3-18ef »][vc_column_text]
<p style="text-align: justify;"><span style="font-weight: 400;">Les contrats locaux s’adressent aux personnels enseignants titulaires ou non de l’éducation nationale et aux personnels d&rsquo;éducation ou administratifs. </span></p>
<p style="text-align: justify;">Pour l’année scolaire 2023-2024, les postes de personnels d’enseignement et de personnels d’éducation vacants et susceptibles d’être vacants à partir du 1er septembre 2023 sont indiqués ci-dessous.</p>
<p>&nbsp;</p>
<p>Liste des postes ci-dessous  <em><span style="color: #ff0000;">dernière mise à jour le 17/11/2023</span></em></p>
<ul>
<li style="list-style-type: none;"></li>
</ul>
[/vc_column_text][vc_row_inner][vc_column_inner width= »1/2&Prime;][vc_column_text]
<h5><strong>Les postes d&rsquo;enseignants au primaire:</strong></h5>
<p>Nous recrutons:</p>
<ul>
<li style="list-style-type: none;">
<ul>
<li>des professeur(e) des écoles remplaçant &#8211; <a href="https://diderot.ac.ke/wp-content/uploads/2023/03/Professeur-des-Ecoles-Remplacant.pdf" target="_blank" rel="noopener">Fiche de poste</a></li>
</ul>
</li>
</ul>
[/vc_column_text][/vc_column_inner][vc_column_inner width= »1/2&Prime;][vc_column_text]
<h5><strong>Les postes d&rsquo;enseignants au secondaire:</strong></h5>
<p>Pas de poste vacant[/vc_column_text][/vc_column_inner][/vc_row_inner][vc_row_inner][vc_column_inner][vc_column_text]
<h5><strong>Les postes non-enseignants</strong></h5>
<p>Nous recrutons:</p>
<ul>
<li style="list-style-type: none;">
<ul>
<li>Un(e) responsable des achats &#8211; <em><span style="color: #ff0000;">deadline 31/10/2023</span></em><em> </em></li>
<li>Un(e) chargé de mission &#8211; <em><span style="color: #ff0000;">deadline 8/11/2023</span></em></li>
</ul>
</li>
</ul>
[/vc_column_text][/vc_column_inner][/vc_row_inner][/vc_tta_section][vc_tta_section title= »Les contrats de détaché AEFE » tab_id= »1650281271011-313491c2-6567&Prime;][vc_column_text]
<p style="text-align: justify;"><span style="font-weight: 400;">Les contrats de détaché s’adressent aux enseignants titulaires de l’éducation nationale. </span></p>
<p style="text-align: justify;"><span style="font-weight: 400;">Vous trouverez les conditions, modalités de candidature sur le </span><a href="https://www.aefe.fr/personnels/recrutement-des-detaches-sur-missions-denseignement-deducation-dadministration/conditions" target="_blank" rel="noopener"><b>site de l’AEFE</b></a><span style="font-weight: 400;"> (Agence pour l’Enseignement Français à l’Étranger). </span></p>
<p style="text-align: justify;"><span style="font-weight: 400;">Pour rappel : l’AEFE met en œuvre une politique d’égalité professionnelle entre les hommes et les femmes.</span></p>
<p><a href="https://diderot.ac.ke/wp-content/uploads/2024/01/2023-12-dossier-de-candidature-detaches-3-rentree-2024.docx" target="_blank" rel="noopener">Note d&rsquo;informations aux candidats</a></p>
<p>Pour candidater :</p>
<ul>
<li style="list-style-type: none;">
<ul>
<li style="font-weight: 400;" aria-level="1"><span style="font-weight: 400;">Préparer votre dossier en utilisant le dossier type de candidature proposé par l’AEFE : merci de </span><a href="https://diderot.ac.ke/wp-content/uploads/2024/01/2023-12-dossier-de-candidature-detaches-3-rentree-2024.docx" target="_blank" rel="noopener"><span style="font-weight: 400;">télécharger le document</span></a><span style="font-weight: 400;"> et de le remplir méticuleusement.</span></li>
<li style="font-weight: 400;" aria-level="1"><span style="font-weight: 400;">Merci de joindre tous les documents demandés en un seul fichier au format PDF uniquement et de le compresser si nécessaire. Nous ne demandons pas de version papier des documents. </span></li>
<li style="font-weight: 400;" aria-level="1"><span style="font-weight: 400;">Nommer votre dossier de candidature avec “Matière-Nom de famille”, par exemple: Lettres-DURANT.</span></li>
<li style="font-weight: 400;" aria-level="1"><span style="font-weight: 400;">Avec un compte messagerie Gmail, remplir le formulaire en ligne dédié à chaque poste. Vous ne pourrez télécharger votre dossier de candidature qu’avec un compte messagerie Gmail.</span></li>
<li style="font-weight: 400;" aria-level="1"><span style="font-weight: 400;">Les candidatures transmises par e-mail ne seront pas étudiées.</span></li>
</ul>
</li>
</ul>
<p><span style="font-weight: 400;">Tous les documents devront nous être transmis via formulaire </span><b>le </b><b>12 février 2024</b><b> au plus tard.</b></p>
<p><span style="font-weight: 400;">Les dossiers incomplets ou hors délai ne seront pas étudiés. Sont considérés comme incomplets les dossiers qui ne comprennent pas a minima toutes les pièces obligatoires.</span></p>
<p><span style="font-weight: 400;">Pièces complémentaires : certifications, documents attestant du parcours professionnel, de l’expérience et du niveau de langue en anglais (par exemple : expérience UPE2A, CASNAV, arts, pilotage de projets, responsabilités de tuteur, de formateur, etc …).</span></p>
<p><b>Pour l’année scolaire 2024-2025, les postes vacants et susceptibles d’être vacants (<span style="color: red;">au 12 1anvier 2024 </span>) sont indiqués ci-dessous.</b>[/vc_column_text][vc_row_inner][vc_column_inner][vc_column_text]
<h4>Primaire :</h4>
<p>Professeur(e) des écoles &#8211; 2 postes susceptibles vacants &#8211; <a href="https://docs.google.com/forms/d/e/1FAIpQLScKh8-n5YCkK-XuazUy0Lpfq7M97C5xiZQedQvnXHOnp7nRCA/viewform?usp=pp_url" target="_blank" rel="noopener">Cliquez ici pour postuler</a>[/vc_column_text][/vc_column_inner][/vc_row_inner][vc_row_inner][vc_column_inner][vc_column_text]
<h4>Secondaire :</h4>
<ul>
<li><span style="font-weight: 400;">1 poste de professeur de SES &#8211; <span style="color: red;"> 1 poste vacant</span> &#8211; <a href="https://docs.google.com/forms/d/e/1FAIpQLSd9OPvGtdqmxAyCqnjaBXQHkM7GQYk0VH4YdtUign_5f07L7A/viewform?usp=pp_url" target="_blank" rel="noopener">Cliquez ici pour postuler</a></span></li>
<li style="font-weight: 400;" aria-level="1"><span style="font-weight: 400;">1 poste de professeur de Lettres &#8211; 1 poste susceptible vacant &#8211; <a href="https://docs.google.com/forms/d/e/1FAIpQLScsB1lZQ0Fc6pa7Wu0Gqi9ehicoYSvPmUPrfOdn1CCMuqBZVQ/viewform?usp=pp_url" target="_blank" rel="noopener">Cliquez ici pour postuler</a></span></li>
<li aria-level="1">1 poste de professeur d&rsquo;EPS &#8211; 1 poste susceptible vacant &#8211; <a href="https://docs.google.com/forms/d/e/1FAIpQLSeE3cxwvQoXIhVMDxF0bvVXu5hsLIEQXduwekUEpuGyr9qUFQ/viewform?usp=pp_url" target="_blank" rel="noopener">Cliquez ici pour postuler</a></li>
<li style="font-weight: 400;" aria-level="1"><span style="font-weight: 400;">1 poste de professeur d&rsquo;histoire-géographie &#8211; 1 poste susceptible vacant &#8211; <a href="https://docs.google.com/forms/d/e/1FAIpQLSf8QTi7GTV1tyYPxx-YHu6xczIf6K9tQ8gLTHGuLcI032W4rw/viewform?usp=pp_url" target="_blank" rel="noopener">Cliquez ici pour postuler</a></span></li>
<li style="font-weight: 400;" aria-level="1"><span style="font-weight: 400;">1 poste de professeur de Sciences Physiques  &#8211; 1 poste susceptible vacant &#8211; <a href="https://docs.google.com/forms/d/e/1FAIpQLSellxxJobSkUWA3KVoT4RBT_pyl-kbEP43U3KyGt7SK6bQYwQ/viewform?usp=pp_url" target="_blank" rel="noopener">Cliquez ici pour postuler</a></span></li>
</ul>
[/vc_column_text][/vc_column_inner][/vc_row_inner][/vc_tta_section][/vc_tta_accordion][/vc_column][/vc_row]
</div>

<p>[vc_row thb_full_width= »true » thb_row_padding= »true » thb_column_padding= »true » css= ».vc_custom_1649028180101{padding-top: 7vh !important;padding-bottom: 7vh !important;background: #94a0ac url(https://diderot.ac.ke/wp-content/uploads/2022/04/bg_recruitment3.jpg?id=2498) !important;background-position: center !important;background-repeat: no-repeat !important;background-size: cover !important;} »][vc_column][vc_row_inner][vc_column_inner thb_color= »thb-light-column » offset= »vc_col-lg-5 vc_col-md-7&Prime;][/vc_column_inner][/vc_row_inner][/vc_column][/vc_row][vc_row][vc_column][vc_empty_space][vc_column_text] Le Lycée français international Denis Diderot, seul établissement du Kenya homologué par le Ministère de l’Éducation Nationale français, recherche, dans le cadre de son développement, des personnels pour des contrats AEFE de détaché ou&hellip;</p>
